+ 156. Let x = 40 - 17. What is the greatest common factor of x and f?
23
Suppose -4*y + 231 = -581. Let w be (5*14/(-35) + 0)/(2/(-29)). What is the highest common factor of y and w?
29
Let f(m) be the third derivative of m**6/120 + 3*m**5/20 + m**4/8 - 2*m**3/3 + 2*m**2 + 11*m. Let d be f(-8). Calculate the highest common factor of d and 27.
9
Let d be (-1)/((-1)/2*2). Let q be (-44)/6 - 6/(-18). Let t = 11 + q. Calculate the greatest common divisor of d and t.
1
Let j be ((-4)/5)/(12/(-30)). Suppose 5*g = j*k + 75, 5*k - 24 = -2*g + 6. Calculate the greatest common divisor of 105 and g.
15
Suppose 0 = -12*u + 8*u - 540. Let g = u - -315. Let z = -11 + 31. Calculate the highest common factor of g and z.
20
Suppose 0 = -6*t + 7*t - 25. Let g(a) = a**2 + a - 3. Let k be g(-3). Suppose 7*b - 2*b = k*m, 3*m - 27 = -4*b. Calculate the greatest common factor of m and t.
5
Suppose f = -r + 38, 2*f - 4*r - 96 + 2 = 0. Suppose -t + 3*n + 96 = 2*t, 0 = -t - 2*n + f. Calculate the highest common divisor of 175 and t.
35
Let g(v) = 20 + 10 - 4 + v. Let u be g(0). Let t = -34 + 138. Calculate the greatest common divisor of t and u.
26
Let q = -251 + 361. What is the highest common factor of q and 10?
10
Let d be (12 + -13)*(-310)/(-2). Let n be (d/(-25) - 5)*70. Calculate the greatest common factor of 112 and n.
28
Let h(r) = -25*r - 198. Let n be h(-10). Calculate the highest common divisor of n and 4.
4
Suppose -335 = 7*q - 776. Calculate the highest common divisor of 273 and q.
21
Let h = -2 + 3. Let d(j) = 119*j**2 + 1. Let l be d(h). Let v(c) = 2*c + 5. Let w be v(5). Calculate the greatest common divisor of l and w.
15
Suppose -i + 36 - 22 = 0. Let z = 15 + -13. Calculate the greatest common factor of z and i.
2
Suppose z + 3*g = -g - 131, 4*z - 2*g = -524. Let s = -93 - z. What is the greatest common divisor of s and 57?
19
Suppose 0 = 3*q - 4178 + 89. Calculate the greatest common factor of q and 47.
47
Suppose 2*r - 5*z - 246 = 0, -242 = -2*r - 3*z + 6*z. Suppose r - 412 = -7*c. What is the greatest common divisor of c and 63?
21
Let u be (24/(-16) - -2)/(1/86). Calculate the highest common factor of u and 559.
43
Suppose -131*g + 138*g = 3542. What is the highest common divisor of g and 46?
46
Let k(h) = h**3 - 2*h**2 + h - 3. Let i be k(-3). Let z = 66 + i. Calculate the greatest common factor of 6 and z.
3
Let c = 96 + -101. Let j be c/1*130/(-25). Calculate the highest common divisor of 130 and j.
26
Suppose 192 = 6*b - 2*b. Let u be (b/20 + 0)/((-9)/(-30)). What is the greatest common divisor of 4 and u?
4
Let l(m) = m**3 + 2*m**2 - 4*m + 2. Let u be l(2). Let s(k) = -k. Let b be s(-8). Suppose b*t = 77 + 83. Calculate the greatest common factor of t and u.
10
Let d be 36 + (-10 - -1) + 1. Let m(h) = 63*h**2. Let z be m(2). Calculate the greatest common divisor of d and z.
28
Let l be -5*(2 + 34/(-5)). Let a(o) = o**2 + 2*o - 18. Let i be a(4). What is the greatest common divisor of i and l?
6
Let f(p) = -p**3 + p + 1 + 11*p**2 + 2*p**2 + 3*p + 4*p. Let y be f(13). Calculate the highest common factor of y and 42.
21
Let d be ((-90)/12)/5*(-1 + -1). Let q(m) = 8*m - 4. Let u be q(d). Calculate the greatest common divisor of 12 and u.
4
Let g be 1271 + (8 - 6) + 5. What is the highest common divisor of g and 18?
18
Let l be (380/(-40))/(1/(-150)). Suppose 0*v - l = -19*v. Calculate the greatest common divisor of 50 and v.
25
Suppose -1 = -c - u + 3, 0 = 4*c - u - 26. Let j = 10 - c. Suppose 117 - 313 = -j*h. What is the greatest common divisor of h and 7?
7
Let o(w) = -75*w**3 - 3*w**2 + 6. Let d be o(-3). What is the greatest common factor of d and 12?
12
Suppose -85*k + 2635 = -54*k. Let v be (34/6)/(-1)*-3. What is the greatest common factor of v and k?
17
Let h = -84 + 92. Let j be 46/h - (-2)/8. Calculate the greatest common divisor of j and 84.
6
Let l = 45 - 77. Let a be l/((-8)/12 - 8/6). What is the greatest common factor of a and 24?
8
Suppose -5*a + 1815 = -2370. Suppose 192 = -5*f + a. Let m = f - 59. What is the greatest common factor of m and 10?
10
Suppose -1790*m + 420 = -1787*m. Let o(h) = -9*h + 2. Let x be o(-2). Calculate the highest common divisor of m and x.
20
Let f = 392 - 288. Calculate the greatest common divisor of 130 and f.
26
Let r(m) = -m**2 - 12*m - 18. Let y be r(-9). Let z(x) = x**2 - x + 9. Suppose -f - 2*f = 0. Let i be z(f). Calculate the greatest common factor of y and i.
9
Let x be (-1)/(-7) - (-310)/35. Suppose 5*b = -u - 2*u - x, 3*u + 9 = 4*b. Let k be 10 + u - 3 - -76. Calculate the highest common factor of 10 and k.
10
Let y(s) = -10*s + 40. Let p be y(-7). Suppose 4*t - p - 58 = 0. Calculate the greatest common factor of t and 462.
42
Let o(n) = -5*n + 20. Let t(d) = d - 5. Let y(m) = -2*o(m) - 9*t(m). Let k be y(7). What is the highest common factor of 84 and k?
12
Let k be (-1940)/30*(-2)/4*3. What is the highest common factor of 97 and k?
97
Let l be 3/12 - 1564/(-16). Suppose 2*q - 99 = -4*y - q, -4*y = 2*q - l. What is the highest common factor of y and 144?
24
Suppose 48*j - 127*j = -11514 + 1007. Let o = 46 + -27. Calculate the highest common divisor of j and o.
19
Suppose -3*j + 12 + 30 = 0. Let a = -15 - -20. Suppose -5*n = -a*f - 60, -22 = -4*n - f + 36. Calculate the greatest common factor of n and j.
14
Let p = 3434 - 2349. Calculate the highest common divisor of 70 and p.
35
Suppose -2*c + 64 = -32. Suppose 0 = 137*j - 131*j - 216. Calculate the highest common divisor of j and c.
12
Let h = 301 + -285. Let r(d) = 3*d + d**2 + 5*d**2 + 0*d**2 + 4. Let w be r(4). Calculate the highest common factor of h and w.
16
Let r be (-326)/(-5) - (-4 + (-126)/(-30)). Calculate the highest common factor of 52 and r.
13
Let x(o) = o**2 + 6*o - 2. Suppose 0*f = 3*f - z + 32, -3*f = z + 22. Let v be x(f). Calculate the highest common factor of 200 and v.
25
Suppose 0 = 4*d + n - 69, 57 = 2*d + 6*n - n. Let k be -1*(-1)/2*288. What is the highest common divisor of k and d?
16
Let a(k) = 15*k**2 + k - 1. Let p be a(4). Suppose -7*x + 4*x = -p. Let d = x - 37. Calculate the greatest common divisor of 4 and d.
4
Suppose -13*w = 111 - 540. Calculate the greatest common divisor of w and 3.
3
Let l be 1*(-6 + -2 + -1). Let f(n) = 4*n - 8. Let c(d) = 1. Let u(v) = -4*c(v) - f(v). Let h be u(l). Calculate the highest common factor of 60 and h.
20
Suppose -2*g + 48 + 6 = 0. Let k be 9 + (-33)/12 + (-1)/4. Let o(y) = 9*y**2 - 5*y + 3. Let c be o(k). Calculate the greatest common factor of c and g.
27
Suppose 3*n - 4*n = 4. Let j be (-10)/4 - (-6)/n. Let l be (1/(-3))/(j/84). What is the highest common factor of l and 56?
7
Let i be 17/4 + 9/(-36). Suppose -2*f = -i*f - 4. Let q be (2 - -1) + (f - -98). Calculate the highest common divisor of q and 11.
11
Let k be (632/6)/2*(-1320)/(-80). Calculate the greatest common factor of 11 and k.
11
Let o be (-2)/((32/(-20))/(-4)). Let n(b) = -2*b - 12. Let z be n(o). Let y be (z + 1)/(5 - 6). What is the greatest common factor of 1 and y?
1
Suppose 0 = -3*f + 4*v - 146 - 21, -3*v + 211 = -4*f. Let q be 14/f - (-16)/7. Calculate the highest common factor of q and 6.
2
Let z = 5 - 3. Suppose 3*c = x - 16, -z*x + 2*c + 4 = -3*x. What is the highest common factor of 20 and x?
4
Let o(f) = -61*f - 35. Let g be o(-7). What is the highest common divisor of g and 7?
7
Let w(f) = 23*f**2 + 8*f**2 + f + 4 + 0*f. Let k be w(-2). What is the greatest common divisor of k and 14?
14
Let y be (-3)/(-2)*84/9. Suppose -4*d + 2 = -d - 5*b, 0 = -d - 5*b + y. Let s be (3/6)/(d/440). What is the greatest common divisor of s and 11?
11
Let a(q) = 18*q**2 - 3*q. Let h be a(1). Let l = 25 - h. What is the greatest common divisor of l and 40?
10
Let v = 167 + -162. Let q be -25*(-3)/6*2. What is the greatest common divisor of q and v?
5
Suppose 10 = 3*w + 4. Let u = -680 - -702. What is the greatest common divisor of w and u?
2
Let l(n) = 5*n**2 - 29*n - 207. Let r be l(-10). What is the highest common factor of 11 and r?
11
Let j(d) = -d**2 - 8*d - 6. Let n be j(-5). Let m be ((-190)/(-114))/(10/6). What is the highest common divisor of m and n?
1
Let p(f) = -f**3 + 11*f**2 - 10*f + 8. Let q be p(8). Suppose 0 = -41*t - 164 + 2132. Calculate the greatest common factor of q and t.
24
Let t(y